{"id":58,"date":"2020-01-28T20:37:30","date_gmt":"2020-01-28T17:37:30","guid":{"rendered":"http:\/\/monitorgroupconsulting.com\/?page_id=58"},"modified":"2020-01-28T21:28:43","modified_gmt":"2020-01-28T18:28:43","slug":"contact-us","status":"publish","type":"page","link":"https:\/\/monitorgroupconsulting.com\/index.php\/contact-us\/","title":{"rendered":"Contact Us"},"content":{"rendered":"\n<p class=\"has-large-font-size\">Monitor Group Consulting<\/p>\n\n\n\n<p class=\"has-medium-font-size\">Saray Mahallesi, Site Yolu Caddesi, Anel \u0130\u015f Merkezi<\/p>\n\n\n\n<p class=\"has-medium-font-size\">No: 5\/14 &#8211; \u00dcmraniye, \u0130stanbul, T\u00fcrkiye<\/p>\n\n\n\n<p class=\"has-medium-font-size\">e-mail : info@monitorgrup.com<\/p>\n\n\n\n<p class=\"has-medium-font-size\">phone : +90 216 435 50 25<\/p>\n\n\n\n<figure><iframe loading=\"lazy\" src=\"https:\/\/www.google.com\/maps\/embed?pb=!1m14!1m8!1m3!1d3009.9910843400794!2d29.1129243!3d41.025451!3m2!1i1024!2i768!4f13.1!3m3!1m2!1s0x14cac8e759a26def%3A0xa757420aed264711!2zQW5lbCDEsMWfIE1lcmtlemk!5e0!3m2!1str!2str!4v1580233584468!5m2!1str!2str\" width=\"600\" height=\"450\" frameborder=\"0\" style=\"border:0;\" allowfullscreen=\"\"><\/iframe><\/figure>\n\n\n\n<p><\/p>\n\n\n\n<div role=\"form\" class=\"wpcf7\" id=\"wpcf7-f60-o1\" lang=\"en-US\" dir=\"ltr\">\n<div class=\"screen-reader-response\"><\/div>\n<form action=\"\/index.php\/wp-json\/wp\/v2\/pages\/58#wpcf7-f60-o1\" method=\"post\" class=\"wpcf7-form\" novalidate=\"novalidate\">\n<div style=\"display: none;\">\n<input type=\"hidden\" name=\"_wpcf7\" value=\"60\" \/>\n<input type=\"hidden\" name=\"_wpcf7_version\" value=\"5.1.6\" \/>\n<input type=\"hidden\" name=\"_wpcf7_locale\" value=\"en_US\" \/>\n<input type=\"hidden\" name=\"_wpcf7_unit_tag\" value=\"wpcf7-f60-o1\" \/>\n<input type=\"hidden\" name=\"_wpcf7_container_post\" value=\"0\" \/>\n<\/div>\n<p><label> Your Name (required)<br \/>\n    <span class=\"wpcf7-form-control-wrap your-name\"><input type=\"text\" name=\"your-name\" value=\"\" size=\"40\" class=\"wpcf7-form-control wpcf7-text wpcf7-validates-as-required\" aria-required=\"true\" aria-invalid=\"false\" \/><\/span> <\/label><\/p>\n<p><label> Your Email (required)<br \/>\n    <span class=\"wpcf7-form-control-wrap your-email\"><input type=\"email\" name=\"your-email\" value=\"\" size=\"40\" class=\"wpcf7-form-control wpcf7-text wpcf7-email wpcf7-validates-as-required wpcf7-validates-as-email\" aria-required=\"true\" aria-invalid=\"false\" \/><\/span> <\/label><\/p>\n<p><label> Subject<br \/>\n    <span class=\"wpcf7-form-control-wrap your-subject\"><input type=\"text\" name=\"your-subject\" value=\"\" size=\"40\" class=\"wpcf7-form-control wpcf7-text\" aria-invalid=\"false\" \/><\/span> <\/label><\/p>\n<p><label> Your Message<br \/>\n    <span class=\"wpcf7-form-control-wrap your-message\"><textarea name=\"your-message\" cols=\"40\" rows=\"10\" class=\"wpcf7-form-control wpcf7-textarea\" aria-invalid=\"false\"><\/textarea><\/span> <\/label><\/p>\n<p><input type=\"submit\" value=\"Send\" class=\"wpcf7-form-control wpcf7-submit\" \/><\/p>\n<div class=\"wpcf7-response-output wpcf7-display-none\"><\/div><\/form><\/div>\n","protected":false},"excerpt":{"rendered":"<p>Monitor Group Consulting Saray Mahallesi, Site Yolu Caddesi, Anel \u0130\u015f Merkezi No: 5\/14 &#8211; \u00dcmraniye, \u0130stanbul, T\u00fcrkiye e-mail : info@monitorgrup.com phone : +90 216 435 50 25<\/p>\n","protected":false},"author":1,"featured_media":0,"parent":0,"menu_order":0,"comment_status":"closed","ping_status":"closed","template":"","meta":{"footnotes":""},"_links":{"self":[{"href":"https:\/\/monitorgroupconsulting.com\/index.php\/wp-json\/wp\/v2\/pages\/58"}],"collection":[{"href":"https:\/\/monitorgroupconsulting.com\/index.php\/wp-json\/wp\/v2\/pages"}],"about":[{"href":"https:\/\/monitorgroupconsulting.com\/index.php\/wp-json\/wp\/v2\/types\/page"}],"author":[{"embeddable":true,"href":"https:\/\/monitorgroupconsulting.com\/index.php\/wp-json\/wp\/v2\/users\/1"}],"replies":[{"embeddable":true,"href":"https:\/\/monitorgroupconsulting.com\/index.php\/wp-json\/wp\/v2\/comments?post=58"}],"version-history":[{"count":10,"href":"https:\/\/monitorgroupconsulting.com\/index.php\/wp-json\/wp\/v2\/pages\/58\/revisions"}],"predecessor-version":[{"id":88,"href":"https:\/\/monitorgroupconsulting.com\/index.php\/wp-json\/wp\/v2\/pages\/58\/revisions\/88"}],"wp:attachment":[{"href":"https:\/\/monitorgroupconsulting.com\/index.php\/wp-json\/wp\/v2\/media?parent=58"}],"curies":[{"name":"wp","href":"https:\/\/api.w.org\/{rel}","templated":true}]}}